{"id":100,"date":"2022-10-10T11:42:01","date_gmt":"2022-10-10T14:42:01","guid":{"rendered":"https:\/\/lmmobilidade.com.br\/lmfrotas\/?page_id=100"},"modified":"2026-04-28T18:17:19","modified_gmt":"2026-04-28T21:17:19","slug":"quem-somos","status":"publish","type":"page","link":"https:\/\/lmmobilidade.com.br\/lmfrotas\/quem-somos","title":{"rendered":"Quem Somos"},"content":{"rendered":"<h2>Solu\u00e7\u00f5es customizadas para a sua empresa.<\/h2>\n<p>Fazemos parte da LM Mobilidade e, al\u00e9m da terceiriza\u00e7\u00e3o de frotas, atuamos h\u00e1 mais de 50 anos e contamos com outros servi\u00e7os como assinatura de ve\u00edculos, venda de seminovos, assinatura de caminh\u00e3o e aluguel para motorista de aplicativo.<\/p>\n<p>Temos contratos personalizados com op\u00e7\u00f5es de ve\u00edculos leves, pesados, contando tamb\u00e9m el\u00e9tricos. A LM Frotas trabalha com o prop\u00f3sito de aumentar a produtividade de seus clientes para voc\u00ea focar no que importa, o seu neg\u00f3cio.<\/p>\n<h2>Por que terceirizar a sua frota?<\/h2>\n<p>A gest\u00e3o de uma frota pr\u00f3pria requer investimento de tempo, recursos e dedica\u00e7\u00e3o, por isso, contar com um servi\u00e7o personalizado de terceiriza\u00e7\u00e3o contribui no aumento da produtividade, no crescimento do neg\u00f3cio e controle de custos. Contar com a LM Frotas para isso \u00e9, sem d\u00favidas, aproveitar de benef\u00edcios como gest\u00e3o de manuten\u00e7\u00f5es preventivas, multas e documenta\u00e7\u00f5es, sistema de telemetria e redu\u00e7\u00e3o de custos operacionais.<\/p>\n","protected":false},"excerpt":{"rendered":"<p>Solu\u00e7\u00f5es customizadas para a sua empresa. Fazemos parte da LM Mobilidade e, al\u00e9m da terceiriza\u00e7\u00e3o de frotas, atuamos h\u00e1 mais de 50 anos e contamos com outros servi\u00e7os como assinatura de ve\u00edculos, venda de seminovos, assinatura de caminh\u00e3o e aluguel para motorista de aplicativo. Temos contratos personalizados com op\u00e7\u00f5es de ve\u00edculos leves, pesados, contando tamb\u00e9m [&hellip;]<\/p>\n","protected":false},"author":1,"featured_media":0,"parent":0,"menu_order":0,"comment_status":"closed","ping_status":"closed","template":"","meta":{"_acf_changed":false,"footnotes":""},"class_list":["post-100","page","type-page","status-publish","hentry"],"acf":[],"yoast_head":"<!-- This site is optimized with the Yoast SEO plugin v27.0 - https:\/\/yoast.com\/product\/yoast-seo-wordpress\/ -->\n<title>Quem Somos | LM Frotas<\/title>\n<meta name=\"robots\" content=\"index, follow, max-snippet:-1, max-image-preview:large, max-video-preview:-1\" \/>\n<link rel=\"canonical\" href=\"https:\/\/lmmobilidade.com.br\/lmfrotas\/quem-somos\" \/>\n<meta property=\"og:locale\" content=\"pt_BR\" \/>\n<meta property=\"og:type\" content=\"article\" \/>\n<meta property=\"og:title\" content=\"Quem Somos | LM Frotas\" \/>\n<meta property=\"og:description\" content=\"Solu\u00e7\u00f5es customizadas para a sua empresa. Fazemos parte da LM Mobilidade e, al\u00e9m da terceiriza\u00e7\u00e3o de frotas, atuamos h\u00e1 mais de 50 anos e contamos com outros servi\u00e7os como assinatura de ve\u00edculos, venda de seminovos, assinatura de caminh\u00e3o e aluguel para motorista de aplicativo. Temos contratos personalizados com op\u00e7\u00f5es de ve\u00edculos leves, pesados, contando tamb\u00e9m [&hellip;]\" \/>\n<meta property=\"og:url\" content=\"https:\/\/lmmobilidade.com.br\/lmfrotas\/quem-somos\" \/>\n<meta property=\"og:site_name\" content=\"LM Frotas\" \/>\n<meta property=\"article:modified_time\" content=\"2026-04-28T21:17:19+00:00\" \/>\n<meta property=\"og:image\" content=\"https:\/\/lmmobilidade.com.br\/lmfrotas\/wp-content\/uploads\/sites\/2\/2025\/06\/lm-thumb.png\" \/>\n\t<meta property=\"og:image:width\" content=\"1200\" \/>\n\t<meta property=\"og:image:height\" content=\"675\" \/>\n\t<meta property=\"og:image:type\" content=\"image\/png\" \/>\n<meta name=\"twitter:card\" content=\"summary_large_image\" \/>\n<meta name=\"twitter:label1\" content=\"Est. tempo de leitura\" \/>\n\t<meta name=\"twitter:data1\" content=\"1 minuto\" \/>\n<script type=\"application\/ld+json\" class=\"yoast-schema-graph\">{\"@context\":\"https:\/\/schema.org\",\"@graph\":[{\"@type\":\"WebPage\",\"@id\":\"https:\/\/lmmobilidade.com.br\/lmfrotas\/quem-somos\",\"url\":\"https:\/\/lmmobilidade.com.br\/lmfrotas\/quem-somos\",\"name\":\"Quem Somos | LM Frotas\",\"isPartOf\":{\"@id\":\"https:\/\/lmmobilidade.com.br\/lmfrotas\/#website\"},\"datePublished\":\"2022-10-10T14:42:01+00:00\",\"dateModified\":\"2026-04-28T21:17:19+00:00\",\"breadcrumb\":{\"@id\":\"https:\/\/lmmobilidade.com.br\/lmfrotas\/quem-somos#breadcrumb\"},\"inLanguage\":\"pt-BR\",\"potentialAction\":[{\"@type\":\"ReadAction\",\"target\":[\"https:\/\/lmmobilidade.com.br\/lmfrotas\/quem-somos\"]}]},{\"@type\":\"BreadcrumbList\",\"@id\":\"https:\/\/lmmobilidade.com.br\/lmfrotas\/quem-somos#breadcrumb\",\"itemListElement\":[{\"@type\":\"ListItem\",\"position\":1,\"name\":\"In\u00edcio\",\"item\":\"https:\/\/lmmobilidade.com.br\/lmfrotas\/\"},{\"@type\":\"ListItem\",\"position\":2,\"name\":\"Quem Somos\"}]},{\"@type\":\"WebSite\",\"@id\":\"https:\/\/lmmobilidade.com.br\/lmfrotas\/#website\",\"url\":\"https:\/\/lmmobilidade.com.br\/lmfrotas\/\",\"name\":\"LM Frotas\",\"description\":\"Simplifique a gest\u00e3o de frotas da sua empresa com quem entende do assunto. Conhe\u00e7a as solu\u00e7\u00f5es da Lm Frotas e terceirize agora mesmo!\",\"publisher\":{\"@id\":\"https:\/\/lmmobilidade.com.br\/lmfrotas\/#organization\"},\"potentialAction\":[{\"@type\":\"SearchAction\",\"target\":{\"@type\":\"EntryPoint\",\"urlTemplate\":\"https:\/\/lmmobilidade.com.br\/lmfrotas\/?s={search_term_string}\"},\"query-input\":{\"@type\":\"PropertyValueSpecification\",\"valueRequired\":true,\"valueName\":\"search_term_string\"}}],\"inLanguage\":\"pt-BR\"},{\"@type\":\"Organization\",\"@id\":\"https:\/\/lmmobilidade.com.br\/lmfrotas\/#organization\",\"name\":\"LM Frotas\",\"url\":\"https:\/\/lmmobilidade.com.br\/lmfrotas\/\",\"logo\":{\"@type\":\"ImageObject\",\"inLanguage\":\"pt-BR\",\"@id\":\"https:\/\/lmmobilidade.com.br\/lmfrotas\/#\/schema\/logo\/image\/\",\"url\":\"https:\/\/lmmobilidade.com.br\/lmfrotas\/wp-content\/uploads\/sites\/2\/2022\/10\/LM_frotas.png\",\"contentUrl\":\"https:\/\/lmmobilidade.com.br\/lmfrotas\/wp-content\/uploads\/sites\/2\/2022\/10\/LM_frotas.png\",\"width\":123,\"height\":29,\"caption\":\"LM Frotas\"},\"image\":{\"@id\":\"https:\/\/lmmobilidade.com.br\/lmfrotas\/#\/schema\/logo\/image\/\"}}]}<\/script>\n<!-- \/ Yoast SEO plugin. -->","yoast_head_json":{"title":"Quem Somos | LM Frotas","robots":{"index":"index","follow":"follow","max-snippet":"max-snippet:-1","max-image-preview":"max-image-preview:large","max-video-preview":"max-video-preview:-1"},"canonical":"https:\/\/lmmobilidade.com.br\/lmfrotas\/quem-somos","og_locale":"pt_BR","og_type":"article","og_title":"Quem Somos | LM Frotas","og_description":"Solu\u00e7\u00f5es customizadas para a sua empresa. Fazemos parte da LM Mobilidade e, al\u00e9m da terceiriza\u00e7\u00e3o de frotas, atuamos h\u00e1 mais de 50 anos e contamos com outros servi\u00e7os como assinatura de ve\u00edculos, venda de seminovos, assinatura de caminh\u00e3o e aluguel para motorista de aplicativo. Temos contratos personalizados com op\u00e7\u00f5es de ve\u00edculos leves, pesados, contando tamb\u00e9m [&hellip;]","og_url":"https:\/\/lmmobilidade.com.br\/lmfrotas\/quem-somos","og_site_name":"LM Frotas","article_modified_time":"2026-04-28T21:17:19+00:00","og_image":[{"width":1200,"height":675,"url":"https:\/\/lmmobilidade.com.br\/lmfrotas\/wp-content\/uploads\/sites\/2\/2025\/06\/lm-thumb.png","type":"image\/png"}],"twitter_card":"summary_large_image","twitter_misc":{"Est. tempo de leitura":"1 minuto"},"schema":{"@context":"https:\/\/schema.org","@graph":[{"@type":"WebPage","@id":"https:\/\/lmmobilidade.com.br\/lmfrotas\/quem-somos","url":"https:\/\/lmmobilidade.com.br\/lmfrotas\/quem-somos","name":"Quem Somos | LM Frotas","isPartOf":{"@id":"https:\/\/lmmobilidade.com.br\/lmfrotas\/#website"},"datePublished":"2022-10-10T14:42:01+00:00","dateModified":"2026-04-28T21:17:19+00:00","breadcrumb":{"@id":"https:\/\/lmmobilidade.com.br\/lmfrotas\/quem-somos#breadcrumb"},"inLanguage":"pt-BR","potentialAction":[{"@type":"ReadAction","target":["https:\/\/lmmobilidade.com.br\/lmfrotas\/quem-somos"]}]},{"@type":"BreadcrumbList","@id":"https:\/\/lmmobilidade.com.br\/lmfrotas\/quem-somos#breadcrumb","itemListElement":[{"@type":"ListItem","position":1,"name":"In\u00edcio","item":"https:\/\/lmmobilidade.com.br\/lmfrotas\/"},{"@type":"ListItem","position":2,"name":"Quem Somos"}]},{"@type":"WebSite","@id":"https:\/\/lmmobilidade.com.br\/lmfrotas\/#website","url":"https:\/\/lmmobilidade.com.br\/lmfrotas\/","name":"LM Frotas","description":"Simplifique a gest\u00e3o de frotas da sua empresa com quem entende do assunto. Conhe\u00e7a as solu\u00e7\u00f5es da Lm Frotas e terceirize agora mesmo!","publisher":{"@id":"https:\/\/lmmobilidade.com.br\/lmfrotas\/#organization"},"potentialAction":[{"@type":"SearchAction","target":{"@type":"EntryPoint","urlTemplate":"https:\/\/lmmobilidade.com.br\/lmfrotas\/?s={search_term_string}"},"query-input":{"@type":"PropertyValueSpecification","valueRequired":true,"valueName":"search_term_string"}}],"inLanguage":"pt-BR"},{"@type":"Organization","@id":"https:\/\/lmmobilidade.com.br\/lmfrotas\/#organization","name":"LM Frotas","url":"https:\/\/lmmobilidade.com.br\/lmfrotas\/","logo":{"@type":"ImageObject","inLanguage":"pt-BR","@id":"https:\/\/lmmobilidade.com.br\/lmfrotas\/#\/schema\/logo\/image\/","url":"https:\/\/lmmobilidade.com.br\/lmfrotas\/wp-content\/uploads\/sites\/2\/2022\/10\/LM_frotas.png","contentUrl":"https:\/\/lmmobilidade.com.br\/lmfrotas\/wp-content\/uploads\/sites\/2\/2022\/10\/LM_frotas.png","width":123,"height":29,"caption":"LM Frotas"},"image":{"@id":"https:\/\/lmmobilidade.com.br\/lmfrotas\/#\/schema\/logo\/image\/"}}]}},"_links":{"self":[{"href":"https:\/\/lmmobilidade.com.br\/lmfrotas\/wp-json\/wp\/v2\/pages\/100","targetHints":{"allow":["GET"]}}],"collection":[{"href":"https:\/\/lmmobilidade.com.br\/lmfrotas\/wp-json\/wp\/v2\/pages"}],"about":[{"href":"https:\/\/lmmobilidade.com.br\/lmfrotas\/wp-json\/wp\/v2\/types\/page"}],"author":[{"embeddable":true,"href":"https:\/\/lmmobilidade.com.br\/lmfrotas\/wp-json\/wp\/v2\/users\/1"}],"replies":[{"embeddable":true,"href":"https:\/\/lmmobilidade.com.br\/lmfrotas\/wp-json\/wp\/v2\/comments?post=100"}],"version-history":[{"count":3,"href":"https:\/\/lmmobilidade.com.br\/lmfrotas\/wp-json\/wp\/v2\/pages\/100\/revisions"}],"predecessor-version":[{"id":6095,"href":"https:\/\/lmmobilidade.com.br\/lmfrotas\/wp-json\/wp\/v2\/pages\/100\/revisions\/6095"}],"wp:attachment":[{"href":"https:\/\/lmmobilidade.com.br\/lmfrotas\/wp-json\/wp\/v2\/media?parent=100"}],"curies":[{"name":"wp","href":"https:\/\/api.w.org\/{rel}","templated":true}]}}

<h2>Soluções customizadas para a sua empresa.</h2>
<p>Fazemos parte da LM Mobilidade e, além da terceirização de frotas, atuamos há mais de 50 anos e contamos com outros serviços como assinatura de veículos, venda de seminovos, assinatura de caminhão e aluguel para motorista de aplicativo.</p>
<p>Temos contratos personalizados com opções de veículos leves, pesados, contando também elétricos. A LM Frotas trabalha com o propósito de aumentar a produtividade de seus clientes para você focar no que importa, o seu negócio.</p>
<h2>Por que terceirizar a sua frota?</h2>
<p>A gestão de uma frota própria requer investimento de tempo, recursos e dedicação, por isso, contar com um serviço personalizado de terceirização contribui no aumento da produtividade, no crescimento do negócio e controle de custos. Contar com a LM Frotas para isso é, sem dúvidas, aproveitar de benefícios como gestão de manutenções preventivas, multas e documentações, sistema de telemetria e redução de custos operacionais.</p>

<p>Soluções customizadas para a sua empresa. Fazemos parte da LM Mobilidade e, além da terceirização de frotas, atuamos há mais de 50 anos e contamos com outros serviços como assinatura de veículos, venda de seminovos, assinatura de caminhão e aluguel para motorista de aplicativo. Temos contratos personalizados com opções de veículos leves, pesados, contando também [&hellip;]</p>

<!-- This site is optimized with the Yoast SEO plugin v27.0 - https://yoast.com/product/yoast-seo-wordpress/ -->
<title>Quem Somos | LM Frotas</title>
<meta name="robots" content="index, follow, max-snippet:-1, max-image-preview:large, max-video-preview:-1" />
<link rel="canonical" href="https://lmmobilidade.com.br/lmfrotas/quem-somos" />
<meta property="og:locale" content="pt_BR" />
<meta property="og:type" content="article" />
<meta property="og:title" content="Quem Somos | LM Frotas" />
<meta property="og:description" content="Soluções customizadas para a sua empresa. Fazemos parte da LM Mobilidade e, além da terceirização de frotas, atuamos há mais de 50 anos e contamos com outros serviços como assinatura de veículos, venda de seminovos, assinatura de caminhão e aluguel para motorista de aplicativo. Temos contratos personalizados com opções de veículos leves, pesados, contando também [&hellip;]" />
<meta property="og:url" content="https://lmmobilidade.com.br/lmfrotas/quem-somos" />
<meta property="og:site_name" content="LM Frotas" />
<meta property="article:modified_time" content="2026-04-28T21:17:19+00:00" />
<meta property="og:image" content="https://lmmobilidade.com.br/lmfrotas/wp-content/uploads/sites/2/2025/06/lm-thumb.png" />
	<meta property="og:image:width" content="1200" />
	<meta property="og:image:height" content="675" />
	<meta property="og:image:type" content="image/png" />
<meta name="twitter:card" content="summary_large_image" />
<meta name="twitter:label1" content="Est. tempo de leitura" />
	<meta name="twitter:data1" content="1 minuto" />
<script type="application/ld+json" class="yoast-schema-graph">{"@context":"https://schema.org","@graph":[{"@type":"WebPage","@id":"https://lmmobilidade.com.br/lmfrotas/quem-somos","url":"https://lmmobilidade.com.br/lmfrotas/quem-somos","name":"Quem Somos | LM Frotas","isPartOf":{"@id":"https://lmmobilidade.com.br/lmfrotas/#website"},"datePublished":"2022-10-10T14:42:01+00:00","dateModified":"2026-04-28T21:17:19+00:00","breadcrumb":{"@id":"https://lmmobilidade.com.br/lmfrotas/quem-somos#breadcrumb"},"inLanguage":"pt-BR","potentialAction":[{"@type":"ReadAction","target":["https://lmmobilidade.com.br/lmfrotas/quem-somos"]}]},{"@type":"BreadcrumbList","@id":"https://lmmobilidade.com.br/lmfrotas/quem-somos#breadcrumb","itemListElement":[{"@type":"ListItem","position":1,"name":"Início","item":"https://lmmobilidade.com.br/lmfrotas/"},{"@type":"ListItem","position":2,"name":"Quem Somos"}]},{"@type":"WebSite","@id":"https://lmmobilidade.com.br/lmfrotas/#website","url":"https://lmmobilidade.com.br/lmfrotas/","name":"LM Frotas","description":"Simplifique a gestão de frotas da sua empresa com quem entende do assunto. Conheça as soluções da Lm Frotas e terceirize agora mesmo!","publisher":{"@id":"https://lmmobilidade.com.br/lmfrotas/#organization"},"potentialAction":[{"@type":"SearchAction","target":{"@type":"EntryPoint","urlTemplate":"https://lmmobilidade.com.br/lmfrotas/?s={search_term_string}"},"query-input":{"@type":"PropertyValueSpecification","valueRequired":true,"valueName":"search_term_string"}}],"inLanguage":"pt-BR"},{"@type":"Organization","@id":"https://lmmobilidade.com.br/lmfrotas/#organization","name":"LM Frotas","url":"https://lmmobilidade.com.br/lmfrotas/","logo":{"@type":"ImageObject","inLanguage":"pt-BR","@id":"https://lmmobilidade.com.br/lmfrotas/#/schema/logo/image/","url":"https://lmmobilidade.com.br/lmfrotas/wp-content/uploads/sites/2/2022/10/LM_frotas.png","contentUrl":"https://lmmobilidade.com.br/lmfrotas/wp-content/uploads/sites/2/2022/10/LM_frotas.png","width":123,"height":29,"caption":"LM Frotas"},"image":{"@id":"https://lmmobilidade.com.br/lmfrotas/#/schema/logo/image/"}}]}</script>
<!-- / Yoast SEO plugin. -->

Soluções customizadas para a sua empresa. Fazemos parte da LM Mobilidade e, além da terceirização de frotas, atuamos há mais de 50 anos e contamos com outros serviços como assinatura de veículos, venda de seminovos, assinatura de caminhão e aluguel para motorista de aplicativo. Temos contratos personalizados com opções de veículos leves, pesados, contando também [&hellip;]

Início

Simplifique a gestão de frotas da sua empresa com quem entende do assunto. Conheça as soluções da Lm Frotas e terceirize agora mesmo!
