{"id":4764,"date":"2024-08-23T13:30:18","date_gmt":"2024-08-23T16:30:18","guid":{"rendered":"https:\/\/lmmobilidade.com.br\/lmfrotas\/?page_id=4764"},"modified":"2025-06-12T15:36:31","modified_gmt":"2025-06-12T18:36:31","slug":"ja-sou-cliente","status":"publish","type":"page","link":"https:\/\/lmmobilidade.com.br\/lmfrotas\/ja-sou-cliente","title":{"rendered":"J\u00e1 Sou Cliente"},"content":{"rendered":"","protected":false},"excerpt":{"rendered":"","protected":false},"author":1,"featured_media":0,"parent":0,"menu_order":0,"comment_status":"closed","ping_status":"closed","template":"","meta":{"_acf_changed":false,"footnotes":""},"class_list":["post-4764","page","type-page","status-publish","hentry"],"acf":[],"yoast_head":"<!-- This site is optimized with the Yoast SEO plugin v27.0 - https:\/\/yoast.com\/product\/yoast-seo-wordpress\/ -->\n<title>J\u00e1 Sou Cliente | LM Frotas<\/title>\n<meta name=\"robots\" content=\"index, follow, max-snippet:-1, max-image-preview:large, max-video-preview:-1\" \/>\n<link rel=\"canonical\" href=\"https:\/\/lmmobilidade.com.br\/lmfrotas\/ja-sou-cliente\" \/>\n<meta property=\"og:locale\" content=\"pt_BR\" \/>\n<meta property=\"og:type\" content=\"article\" \/>\n<meta property=\"og:title\" content=\"J\u00e1 Sou Cliente | LM Frotas\" \/>\n<meta property=\"og:url\" content=\"https:\/\/lmmobilidade.com.br\/lmfrotas\/ja-sou-cliente\" \/>\n<meta property=\"og:site_name\" content=\"LM Frotas\" \/>\n<meta property=\"article:modified_time\" content=\"2025-06-12T18:36:31+00:00\" \/>\n<meta property=\"og:image\" content=\"https:\/\/lmmobilidade.com.br\/lmfrotas\/wp-content\/uploads\/sites\/2\/2025\/06\/lm-thumb.png\" \/>\n\t<meta property=\"og:image:width\" content=\"1200\" \/>\n\t<meta property=\"og:image:height\" content=\"675\" \/>\n\t<meta property=\"og:image:type\" content=\"image\/png\" \/>\n<meta name=\"twitter:card\" content=\"summary_large_image\" \/>\n<script type=\"application\/ld+json\" class=\"yoast-schema-graph\">{\"@context\":\"https:\/\/schema.org\",\"@graph\":[{\"@type\":\"WebPage\",\"@id\":\"https:\/\/lmmobilidade.com.br\/lmfrotas\/ja-sou-cliente\",\"url\":\"https:\/\/lmmobilidade.com.br\/lmfrotas\/ja-sou-cliente\",\"name\":\"J\u00e1 Sou Cliente | LM Frotas\",\"isPartOf\":{\"@id\":\"https:\/\/lmmobilidade.com.br\/lmfrotas\/#website\"},\"datePublished\":\"2024-08-23T16:30:18+00:00\",\"dateModified\":\"2025-06-12T18:36:31+00:00\",\"breadcrumb\":{\"@id\":\"https:\/\/lmmobilidade.com.br\/lmfrotas\/ja-sou-cliente#breadcrumb\"},\"inLanguage\":\"pt-BR\",\"potentialAction\":[{\"@type\":\"ReadAction\",\"target\":[\"https:\/\/lmmobilidade.com.br\/lmfrotas\/ja-sou-cliente\"]}]},{\"@type\":\"BreadcrumbList\",\"@id\":\"https:\/\/lmmobilidade.com.br\/lmfrotas\/ja-sou-cliente#breadcrumb\",\"itemListElement\":[{\"@type\":\"ListItem\",\"position\":1,\"name\":\"In\u00edcio\",\"item\":\"https:\/\/lmmobilidade.com.br\/lmfrotas\/\"},{\"@type\":\"ListItem\",\"position\":2,\"name\":\"J\u00e1 Sou Cliente\"}]},{\"@type\":\"WebSite\",\"@id\":\"https:\/\/lmmobilidade.com.br\/lmfrotas\/#website\",\"url\":\"https:\/\/lmmobilidade.com.br\/lmfrotas\/\",\"name\":\"LM Frotas\",\"description\":\"Simplifique a gest\u00e3o de frotas da sua empresa com quem entende do assunto. Conhe\u00e7a as solu\u00e7\u00f5es da Lm Frotas e terceirize agora mesmo!\",\"publisher\":{\"@id\":\"https:\/\/lmmobilidade.com.br\/lmfrotas\/#organization\"},\"potentialAction\":[{\"@type\":\"SearchAction\",\"target\":{\"@type\":\"EntryPoint\",\"urlTemplate\":\"https:\/\/lmmobilidade.com.br\/lmfrotas\/?s={search_term_string}\"},\"query-input\":{\"@type\":\"PropertyValueSpecification\",\"valueRequired\":true,\"valueName\":\"search_term_string\"}}],\"inLanguage\":\"pt-BR\"},{\"@type\":\"Organization\",\"@id\":\"https:\/\/lmmobilidade.com.br\/lmfrotas\/#organization\",\"name\":\"LM Frotas\",\"url\":\"https:\/\/lmmobilidade.com.br\/lmfrotas\/\",\"logo\":{\"@type\":\"ImageObject\",\"inLanguage\":\"pt-BR\",\"@id\":\"https:\/\/lmmobilidade.com.br\/lmfrotas\/#\/schema\/logo\/image\/\",\"url\":\"https:\/\/lmmobilidade.com.br\/lmfrotas\/wp-content\/uploads\/sites\/2\/2022\/10\/LM_frotas.png\",\"contentUrl\":\"https:\/\/lmmobilidade.com.br\/lmfrotas\/wp-content\/uploads\/sites\/2\/2022\/10\/LM_frotas.png\",\"width\":123,\"height\":29,\"caption\":\"LM Frotas\"},\"image\":{\"@id\":\"https:\/\/lmmobilidade.com.br\/lmfrotas\/#\/schema\/logo\/image\/\"}}]}<\/script>\n<!-- \/ Yoast SEO plugin. -->","yoast_head_json":{"title":"J\u00e1 Sou Cliente | LM Frotas","robots":{"index":"index","follow":"follow","max-snippet":"max-snippet:-1","max-image-preview":"max-image-preview:large","max-video-preview":"max-video-preview:-1"},"canonical":"https:\/\/lmmobilidade.com.br\/lmfrotas\/ja-sou-cliente","og_locale":"pt_BR","og_type":"article","og_title":"J\u00e1 Sou Cliente | LM Frotas","og_url":"https:\/\/lmmobilidade.com.br\/lmfrotas\/ja-sou-cliente","og_site_name":"LM Frotas","article_modified_time":"2025-06-12T18:36:31+00:00","og_image":[{"width":1200,"height":675,"url":"https:\/\/lmmobilidade.com.br\/lmfrotas\/wp-content\/uploads\/sites\/2\/2025\/06\/lm-thumb.png","type":"image\/png"}],"twitter_card":"summary_large_image","schema":{"@context":"https:\/\/schema.org","@graph":[{"@type":"WebPage","@id":"https:\/\/lmmobilidade.com.br\/lmfrotas\/ja-sou-cliente","url":"https:\/\/lmmobilidade.com.br\/lmfrotas\/ja-sou-cliente","name":"J\u00e1 Sou Cliente | LM Frotas","isPartOf":{"@id":"https:\/\/lmmobilidade.com.br\/lmfrotas\/#website"},"datePublished":"2024-08-23T16:30:18+00:00","dateModified":"2025-06-12T18:36:31+00:00","breadcrumb":{"@id":"https:\/\/lmmobilidade.com.br\/lmfrotas\/ja-sou-cliente#breadcrumb"},"inLanguage":"pt-BR","potentialAction":[{"@type":"ReadAction","target":["https:\/\/lmmobilidade.com.br\/lmfrotas\/ja-sou-cliente"]}]},{"@type":"BreadcrumbList","@id":"https:\/\/lmmobilidade.com.br\/lmfrotas\/ja-sou-cliente#breadcrumb","itemListElement":[{"@type":"ListItem","position":1,"name":"In\u00edcio","item":"https:\/\/lmmobilidade.com.br\/lmfrotas\/"},{"@type":"ListItem","position":2,"name":"J\u00e1 Sou Cliente"}]},{"@type":"WebSite","@id":"https:\/\/lmmobilidade.com.br\/lmfrotas\/#website","url":"https:\/\/lmmobilidade.com.br\/lmfrotas\/","name":"LM Frotas","description":"Simplifique a gest\u00e3o de frotas da sua empresa com quem entende do assunto. Conhe\u00e7a as solu\u00e7\u00f5es da Lm Frotas e terceirize agora mesmo!","publisher":{"@id":"https:\/\/lmmobilidade.com.br\/lmfrotas\/#organization"},"potentialAction":[{"@type":"SearchAction","target":{"@type":"EntryPoint","urlTemplate":"https:\/\/lmmobilidade.com.br\/lmfrotas\/?s={search_term_string}"},"query-input":{"@type":"PropertyValueSpecification","valueRequired":true,"valueName":"search_term_string"}}],"inLanguage":"pt-BR"},{"@type":"Organization","@id":"https:\/\/lmmobilidade.com.br\/lmfrotas\/#organization","name":"LM Frotas","url":"https:\/\/lmmobilidade.com.br\/lmfrotas\/","logo":{"@type":"ImageObject","inLanguage":"pt-BR","@id":"https:\/\/lmmobilidade.com.br\/lmfrotas\/#\/schema\/logo\/image\/","url":"https:\/\/lmmobilidade.com.br\/lmfrotas\/wp-content\/uploads\/sites\/2\/2022\/10\/LM_frotas.png","contentUrl":"https:\/\/lmmobilidade.com.br\/lmfrotas\/wp-content\/uploads\/sites\/2\/2022\/10\/LM_frotas.png","width":123,"height":29,"caption":"LM Frotas"},"image":{"@id":"https:\/\/lmmobilidade.com.br\/lmfrotas\/#\/schema\/logo\/image\/"}}]}},"_links":{"self":[{"href":"https:\/\/lmmobilidade.com.br\/lmfrotas\/wp-json\/wp\/v2\/pages\/4764","targetHints":{"allow":["GET"]}}],"collection":[{"href":"https:\/\/lmmobilidade.com.br\/lmfrotas\/wp-json\/wp\/v2\/pages"}],"about":[{"href":"https:\/\/lmmobilidade.com.br\/lmfrotas\/wp-json\/wp\/v2\/types\/page"}],"author":[{"embeddable":true,"href":"https:\/\/lmmobilidade.com.br\/lmfrotas\/wp-json\/wp\/v2\/users\/1"}],"replies":[{"embeddable":true,"href":"https:\/\/lmmobilidade.com.br\/lmfrotas\/wp-json\/wp\/v2\/comments?post=4764"}],"version-history":[{"count":10,"href":"https:\/\/lmmobilidade.com.br\/lmfrotas\/wp-json\/wp\/v2\/pages\/4764\/revisions"}],"predecessor-version":[{"id":5270,"href":"https:\/\/lmmobilidade.com.br\/lmfrotas\/wp-json\/wp\/v2\/pages\/4764\/revisions\/5270"}],"wp:attachment":[{"href":"https:\/\/lmmobilidade.com.br\/lmfrotas\/wp-json\/wp\/v2\/media?parent=4764"}],"curies":[{"name":"wp","href":"https:\/\/api.w.org\/{rel}","templated":true}]}}